 27329
What are the prime factors of 57190?
2, 5, 7, 19, 43
What are the prime factors of 901?
17, 53
What are the prime factors of 144?
2, 3
List the prime factors of 11139.
3, 47, 79
What are the prime factors of 67874?
2, 33937
What are the prime factors of 770?
2, 5, 7, 11
What are the prime factors of 2115?
3, 5, 47
What are the prime factors of 633?
3, 211
What are the prime factors of 3251?
3251
What are the prime factors of 8229?
3, 13, 211
List the prime factors of 14388.
2, 3, 11, 109
What are the prime factors of 37288?
2, 59, 79
What are the prime factors of 83517?
3, 7, 41, 97
List the prime factors of 10563.
3, 7, 503
What are the prime factors of 54061?
7, 7723
What are the prime factors of 2111?
2111
What are the prime factors of 388?
2, 97
List the prime factors of 460.
2, 5, 23
List the prime factors of 27989.
13, 2153
List the prime factors of 1796.
2, 449
What are the prime factors of 7105?
5, 7, 29
List the prime factors of 2751.
3, 7, 131
What are the prime factors of 7454?
2, 3727
What are the prime factors of 51982?
2, 7, 47, 79
What are the prime factors of 30?
2, 3, 5
List the prime factors of 592.
2, 37
What are the prime factors of 71024?
2, 23, 193
List the prime factors of 22749.
3, 7583
List the prime factors of 1619.
1619
What are the prime factors of 545?
5, 109
What are the prime factors of 543?
3, 181
List the prime factors of 45493.
7, 67, 97
List the prime factors of 41608.
2, 7, 743
What are the prime factors of 397?
397
What are the prime factors of 1212?
2, 3, 101
What are the prime factors of 954?
2, 3, 53
What are the prime factors of 1256?
2, 157
What are the prime factors of 105?
3, 5, 7
What are the prime factors of 44430?
2, 3, 5, 1481
What are the prime factors of 5025?
3, 5, 67
What are the prime factors of 337?
337
What are the prime factors of 1082?
2, 541
What are the prime factors of 1919?
19, 101
What are the prime factors of 569?
569
List the prime factors of 390.
2, 3, 5, 13
List the prime factors of 582.
2, 3, 97
List the prime factors of 7283.
7283
What are the prime factors of 72765?
3, 5, 7, 11
What are the prime factors of 1501?
19, 79
What are the prime factors of 5050?
2, 5, 101
List the prime factors of 16614.
2, 3, 13, 71
List the prime factors of 2119.
13, 163
What are the prime factors of 40309?
173, 233
List the prime factors of 33.
3, 11
List the prime factors of 314.
2, 157
List the prime factors of 4409.
4409
What are the prime factors of 274?
2, 137
What are the prime factors of 2362?
2, 1181
List the prime factors of 35062.
2, 47, 373
What are the prime factors of 757?
757
List the prime factors of 5541.
3, 1847
What are the prime factors of 28307?
28307
What are the prime factors of 5937?
3, 1979
List the prime factors of 4796.
2, 11, 109
List the prime factors of 38887.
37, 1051
List the prime factors of 164598.
2, 3, 7, 3919
List the prime factors of 4205.
5, 29
What are the prime factors of 2545?
5, 509
List the prime factors of 31902.
2, 3, 13, 409
What are the prime factors of 15047?
41, 367
List the prime factors of 9191.
7, 13, 101
List the prime factors of 1585.
5, 317
What are the prime factors of 2020?
2, 5, 101
What are the prime factors of 79646?
2, 7, 5689
What are the prime factors of 6752?
2, 211
List the prime factors of 118619.
118619
List the prime factors of 4502.
2, 2251
What are the prime factors of 2083?
2083
What are the prime factors of 12532?
2, 13, 241
What are the prime factors of 2569?
7, 367
What are the prime factors of 3648?
2, 3, 19
What are the prime factors of 389?
389
What are the prime factors of 4095?
3, 5, 7, 13
What are the prime factors of 519?
3, 173
List the prime factors of 56958.
2, 3, 11, 863
List the prime factors of 3544.
2, 443
What are the prime factors of 1975?
5, 79
List the prime factors of 3620.
2, 5, 181
List the prime factors of 1221.
3, 11, 37
List the prime factors of 6031.
37, 163
What are the prime factors of 3360?
2, 3, 5, 7
What are the prime factors of 11271?
3, 13, 17
What are the prime factors of 165682?
2, 11, 17, 443
List the prime factors of 33628.
2, 7, 1201
List the prime factors of 1067.
11, 97
List the prime factors of 5777.
53, 109
List the prime factors of 266.
2, 7, 19
What are the prime factors of 156?
2, 3, 13
What are the prime factors of 14957?
14957
List the prime factors of 2147.
19, 113
What are the prime factors of 8559?
3, 317
What are the prime factors of 862?
2, 431
List the prime factors of 5558.
2, 7, 397
List the prime factors of 2335.
5, 467
List the prime factors of 586.
2, 293
List the prime factors of 25710.
2, 3, 5, 857
List the prime factors of 13867.
7, 283
What are the prime factors of 4119?
3, 1373
List the prime factors of 85671.
3, 19, 167
What are the prime factors of 86623?
29, 103
List the prime factors of 1604.
2, 401
List the prime factors of 36697.
36697
List the prime factors of 3246.
2, 3, 541
What are the prime factors of 43608?
2, 3, 23, 79
What are the prime factors of 87?
3, 29
List the prime factors of 27.
3
List the prime factors of 1507.
11, 137
What are the prime factors of 9528?
2, 3, 397
List the prime factors of 16305.
3, 5, 1087
List the prime factors of 31478.
2, 15739
What are the prime factors of 2082?
2, 3, 347
What are the prime factors of 6762?
2, 3, 7, 23
List the prime factors of 30353.
127, 239
List the prime factors of 2577.
3, 859
List the prime factors of 4091.
4091
What are the prime factors of 1255?
5, 251
List the prime factors of 32179.
7, 4597
List the prime factors of 3445.
5, 13, 53
What are the prime factors of 2584?
2, 17, 19
List the prime factors of 97236.
2, 3, 37, 73
What are the prime factors of 1305?
3, 5, 29
List the prime factors of 8869.
7, 181
List the prime factors of 88.
2, 11
What are the prime factors of 1093?
1093
What are the prime factors of 33639?
3, 11213
List the prime factors of 2538.
2, 3, 47
List the prime factors of 4524.
2, 3, 13, 29
What are the prime factors of 12528?
2, 3, 29
What are the prime factors of 3977?
41, 97
List the prime factors of 139469.
11, 31, 409
What are the prime factors of 39925?
5, 1597
List the prime factors of 1447.
1447
List the prime factors of 97702.
2, 11, 4441
List the prime factors of 996.
2, 3, 83
List the prime factors of 31587.
3, 10529
What are the prime factors of 16686?
2, 3, 103
What are the prime factors of 859?
859
List the prime factors of 225.
3, 5
List the prime factors of 1765.
5, 353
What are the prime factors of 5356?
2, 13, 103
List the prime factors of 5244.
2, 3, 19, 23
What are the prime factors of 100444?
2, 25111
List the prime factors of 84317.
84317
What are the prime factors of 11934?
2, 3, 13, 17
What are the prime factors of 58506?
2, 3, 7, 199
List the prime factors of 3841.
23, 167
List the prime factors of 32659.
11, 2969
List the prime factors of 14061.
3, 43, 109
What are the prime factors of 972?
2, 3
List the prime factors of 959.
7, 137
List the prime factors of 99770.
2, 5, 11, 907
List the prime factors of 1453.
1453
What are the prime factors of 1755?
3, 5, 13
What are the prime factors of 5671?
53, 107
List the prime factors of 725.
5, 29
List the prime factors of 63401.
13, 4877
What are the prime factors of 5710?
2, 5, 571
List the prime factors of 25628.
2, 43, 149
List the prime factors of 69575.
5, 11, 23
What are the prime factors of 11503?
11503
What are the prime factors of 792?
2, 3, 11
What are the prime factors of 2936?
2, 367
What are the prime factors of 22011?
3, 11, 23, 29
What are the prime factors of 131551?
7, 18793
List the prime factors of 888.
2, 3, 37
What are the prime factors of 336?
2, 3, 7
List the prime factors of 798.
2, 3, 7, 19
What are the prime factors of 1524?
2, 3, 127
List the prime factors of 85776.
2, 3, 1787
What are the prime factors of 1318?
2, 659
List the prime factors of 2713.
2713
List the prime factors of 21882.
2, 3, 7, 521
What are the prime factors of 1918?
2, 7, 137
What are the prime factors of 10438?
2, 17, 307
What are the prime factors of 8862?
2, 3, 7, 211
List the prime factors of 39787.
11, 3617
What are the prime factors of 703?
19, 37
What are the prime factors of 17335?
5, 3467
List the prime factors of 9638.
2, 61, 79
What are the prime factors of 1900?
2, 5, 19
List the prime 